{"id":283,"date":"2023-01-02T12:01:26","date_gmt":"2023-01-02T11:01:26","guid":{"rendered":"http:\/\/asgardiens.org\/?page_id=283"},"modified":"2023-01-30T18:12:00","modified_gmt":"2023-01-30T17:12:00","slug":"adhesion-a-lassociation","status":"publish","type":"page","link":"https:\/\/asgardiens.org\/index.php\/adhesion-a-lassociation\/","title":{"rendered":"Adh\u00e9sion \u00e0 l&rsquo;association"},"content":{"rendered":"\n<p><\/p>\n\n\n\n<div class=\"wp-block-media-text alignwide is-stacked-on-mobile\" style=\"grid-template-columns:25% auto\"><figure class=\"wp-block-media-text__media\"><img decoding=\"async\" loading=\"lazy\" width=\"1024\" height=\"491\" src=\"https:\/\/asgardiens.org\/wp-content\/uploads\/2022\/02\/une-unite-une-humanite-1024x491.png\" alt=\"\" class=\"wp-image-241 size-full\" srcset=\"https:\/\/asgardiens.org\/wp-content\/uploads\/2022\/02\/une-unite-une-humanite-1024x491.png 1024w, https:\/\/asgardiens.org\/wp-content\/uploads\/2022\/02\/une-unite-une-humanite-300x144.png 300w, https:\/\/asgardiens.org\/wp-content\/uploads\/2022\/02\/une-unite-une-humanite-768x368.png 768w, https:\/\/asgardiens.org\/wp-content\/uploads\/2022\/02\/une-unite-une-humanite.png 1280w\" sizes=\"(max-width: 1024px) 100vw, 1024px\" \/><\/figure><div class=\"wp-block-media-text__content\">\n<p style=\"font-size:18px\"><em>Les Asgardiens de France seraient heureux de vous compter parmi ses adh\u00e9rents. L&rsquo;association a pour but de promouvoir des \u00e9changes et rencontres entre tous les Francophones s\u2019int\u00e9ressant pacifiquement aux domaines spatiaux ainsi qu&rsquo;\u00e0 toutes activit\u00e9s s&rsquo;y r\u00e9f\u00e9rant. ce qui se traduit par l&rsquo;organisation de webinaires participatifs en ligne, des projets d\u2019activit\u00e9s sp\u00e9cifiques \u00e0 l\u2019association et directement li\u00e9s au d\u00e9veloppement d\u2019ASGARDIA, des d\u00e9bats, une newsletter et bien-s\u00fbr; tout ce que vous pourrez \u00e9galement proposer \u00e0 l&rsquo;association.&nbsp;Bienvenue&nbsp;!<\/em><\/p>\n<\/div><\/div>\n\n\n\n<p><\/p>\n\n\n\n<p>Le prix de l&rsquo;adh\u00e9sion est fix\u00e9 \u00e0 5\u20ac. <\/p>\n\n\n\n<p><\/p>\n\n\n\n<div id=\"smart-button-container\">\n      <div style=\"text-align: center;\">\n        <div id=\"paypal-button-container\"><\/div>\n      <\/div>\n    <\/div>\n  <script src=\"https:\/\/www.paypal.com\/sdk\/js?client-id=ASm_TY5wJWPnJvhrh70QcXhkh9h4o6EJmGD9bB9emsl4t7LXS8cOf7FT89oiPH7TrjQaksmAERjuT7Im&amp;enable-funding=venmo&amp;currency=EUR\" data-sdk-integration-source=\"button-factory\"><\/script>\n  <script>\n    function initPayPalButton() {\n      paypal.Buttons({\n        style: {\n          shape: 'rect',\n          color: 'gold',\n          layout: 'vertical',\n          label: 'paypal',\n          \n        },\n\n        createOrder: function(data, actions) {\n          return actions.order.create({\n            purchase_units: [{\"description\":\"Adh\u00e9sion 2023 Asgardiens de France\",\"amount\":{\"currency_code\":\"EUR\",\"value\":5}}]\n          });\n        },\n\n        onApprove: function(data, actions) {\n          return actions.order.capture().then(function(orderData) {\n            \n            \/\/ Full available details\n            console.log('Capture result', orderData, JSON.stringify(orderData, null, 2));\n\n            \/\/ Show a success message within this page, e.g.\n            const element = document.getElementById('paypal-button-container');\n            element.innerHTML = '';\n            element.innerHTML = '<h3>Thank you for your payment!<\/h3>';\n\n            \/\/ Or go to another URL:  actions.redirect('thank_you.html');\n            \n          });\n        },\n\n        onError: function(err) {\n          console.log(err);\n        }\n      }).render('#paypal-button-container');\n    }\n    initPayPalButton();\n  <\/script>\n\n\n\n<p><\/p>\n\n\n\n<p>Un re\u00e7u vous sera transmis dans les 48h apr\u00e8s votre r\u00e8glement. <\/p>\n","protected":false},"excerpt":{"rendered":"<p>Les Asgardiens de France seraient heureux de vous compter parmi ses adh\u00e9rents. L&rsquo;association a pour but de promouvoir des \u00e9changes et rencontres entre tous les Francophones s\u2019int\u00e9ressant pacifiquement aux domaines spatiaux ainsi qu&rsquo;\u00e0 toutes activit\u00e9s s&rsquo;y r\u00e9f\u00e9rant. ce qui se traduit par l&rsquo;organisation de webinaires participatifs en ligne, des projets d\u2019activit\u00e9s sp\u00e9cifiques \u00e0 l\u2019association et&hellip; <br \/> <a class=\"read-more\" href=\"https:\/\/asgardiens.org\/index.php\/adhesion-a-lassociation\/\">Lire la suite<\/a><\/p>\n","protected":false},"author":2,"featured_media":0,"parent":0,"menu_order":0,"comment_status":"closed","ping_status":"closed","template":"","meta":{"_monsterinsights_skip_tracking":false,"_monsterinsights_sitenote_active":false,"_monsterinsights_sitenote_note":"","_monsterinsights_sitenote_category":0},"yoast_head":"<!-- This site is optimized with the Yoast SEO plugin v20.7 - https:\/\/yoast.com\/wordpress\/plugins\/seo\/ -->\n<title>Adh\u00e9sion \u00e0 l&#039;association - Asgardiens de France<\/title>\n<meta name=\"description\" content=\"Asgardiens de France Adh\u00e9sion \u00e0 l&#039;association asgardia nation spatiale - espace - adh\u00e9sion - association loi 1901 -\" \/>\n<meta name=\"robots\" content=\"index, follow, max-snippet:-1, max-image-preview:large, max-video-preview:-1\" \/>\n<link rel=\"canonical\" href=\"https:\/\/asgardiens.org\/index.php\/adhesion-a-lassociation\/\" \/>\n<meta property=\"og:locale\" content=\"fr_FR\" \/>\n<meta property=\"og:type\" content=\"article\" \/>\n<meta property=\"og:title\" content=\"Adh\u00e9sion \u00e0 l&#039;association des Asgardiens de France\" \/>\n<meta property=\"og:description\" content=\"Les Asgardiens de France seraient heureux de vous compter parmi ses adh\u00e9rents. L&#039;association a pour but de promouvoir des \u00e9changes et rencontres entre tous les Francophones s\u2019int\u00e9ressant pacifiquement aux domaines spatiaux ainsi qu&#039;\u00e0 toutes activit\u00e9s s&#039;y r\u00e9f\u00e9rant. ce qui se traduit par l&#039;organisation de webinaires participatifs en ligne, des projets d\u2019activit\u00e9s sp\u00e9cifiques \u00e0 l\u2019association et directement li\u00e9s au d\u00e9veloppement d\u2019ASGARDIA, des d\u00e9bats, une newsletter et bien-s\u00fbr; tout ce que vous pourrez \u00e9galement proposer \u00e0 l&#039;association. Bienvenue !\" \/>\n<meta property=\"og:url\" content=\"https:\/\/asgardiens.org\/index.php\/adhesion-a-lassociation\/\" \/>\n<meta property=\"og:site_name\" content=\"Asgardiens de France\" \/>\n<meta property=\"article:publisher\" content=\"https:\/\/www.facebook.com\/Asgardiensdefrance\" \/>\n<meta property=\"article:modified_time\" content=\"2023-01-30T17:12:00+00:00\" \/>\n<meta property=\"og:image\" content=\"https:\/\/asgardiens.org\/wp-content\/uploads\/2021\/10\/cropped-11Plan-de-travail-1-100.jpg\" \/>\n\t<meta property=\"og:image:width\" content=\"178\" \/>\n\t<meta property=\"og:image:height\" content=\"170\" \/>\n\t<meta property=\"og:image:type\" content=\"image\/jpeg\" \/>\n<meta name=\"twitter:card\" content=\"summary_large_image\" \/>\n<meta name=\"twitter:title\" content=\"Adh\u00e9sion \u00e0 l&#039;association des Asgardiens de France\" \/>\n<meta name=\"twitter:description\" content=\"Les Asgardiens de France seraient heureux de vous compter parmi ses adh\u00e9rents. L&#039;association a pour but de promouvoir des \u00e9changes et rencontres entre tous les Francophones s\u2019int\u00e9ressant pacifiquement aux domaines spatiaux ainsi qu&#039;\u00e0 toutes activit\u00e9s s&#039;y r\u00e9f\u00e9rant. ce qui se traduit par l&#039;organisation de webinaires participatifs en ligne, des projets d\u2019activit\u00e9s sp\u00e9cifiques \u00e0 l\u2019association et directement li\u00e9s au d\u00e9veloppement d\u2019ASGARDIA, des d\u00e9bats, une newsletter et bien-s\u00fbr; tout ce que vous pourrez \u00e9galement proposer \u00e0 l&#039;association. Bienvenue !\" \/>\n<meta name=\"twitter:image\" content=\"https:\/\/asgardiens.org\/wp-content\/uploads\/2021\/10\/cropped-11Plan-de-travail-1-100.jpg\" \/>\n<meta name=\"twitter:site\" content=\"@AsgardiensDeFr\" \/>\n<meta name=\"twitter:label1\" content=\"Dur\u00e9e de lecture estim\u00e9e\" \/>\n\t<meta name=\"twitter:data1\" content=\"2 minutes\" \/>\n<script type=\"application\/ld+json\" class=\"yoast-schema-graph\">{\"@context\":\"https:\/\/schema.org\",\"@graph\":[{\"@type\":\"WebPage\",\"@id\":\"https:\/\/asgardiens.org\/index.php\/adhesion-a-lassociation\/\",\"url\":\"https:\/\/asgardiens.org\/index.php\/adhesion-a-lassociation\/\",\"name\":\"Adh\u00e9sion \u00e0 l'association - Asgardiens de France\",\"isPartOf\":{\"@id\":\"https:\/\/asgardiens.org\/#website\"},\"datePublished\":\"2023-01-02T11:01:26+00:00\",\"dateModified\":\"2023-01-30T17:12:00+00:00\",\"description\":\"Asgardiens de France Adh\u00e9sion \u00e0 l'association asgardia nation spatiale - espace - adh\u00e9sion - association loi 1901 -\",\"breadcrumb\":{\"@id\":\"https:\/\/asgardiens.org\/index.php\/adhesion-a-lassociation\/#breadcrumb\"},\"inLanguage\":\"fr-FR\",\"potentialAction\":[{\"@type\":\"ReadAction\",\"target\":[\"https:\/\/asgardiens.org\/index.php\/adhesion-a-lassociation\/\"]}]},{\"@type\":\"BreadcrumbList\",\"@id\":\"https:\/\/asgardiens.org\/index.php\/adhesion-a-lassociation\/#breadcrumb\",\"itemListElement\":[{\"@type\":\"ListItem\",\"position\":1,\"name\":\"Accueil\",\"item\":\"https:\/\/asgardiens.org\/\"},{\"@type\":\"ListItem\",\"position\":2,\"name\":\"Adh\u00e9sion \u00e0 l&rsquo;association\"}]},{\"@type\":\"WebSite\",\"@id\":\"https:\/\/asgardiens.org\/#website\",\"url\":\"https:\/\/asgardiens.org\/\",\"name\":\"Asgardiens de France\",\"description\":\"Les Asgardiens de France, supporters de la premi\u00e8re Nation spatiale de l\u2019histoire de l\u2019Humanit\u00e9.\",\"publisher\":{\"@id\":\"https:\/\/asgardiens.org\/#organization\"},\"alternateName\":\"Supporters du projet ASGARDIA\",\"potentialAction\":[{\"@type\":\"SearchAction\",\"target\":{\"@type\":\"EntryPoint\",\"urlTemplate\":\"https:\/\/asgardiens.org\/?s={search_term_string}\"},\"query-input\":\"required name=search_term_string\"}],\"inLanguage\":\"fr-FR\"},{\"@type\":\"Organization\",\"@id\":\"https:\/\/asgardiens.org\/#organization\",\"name\":\"Asgardiens de France\",\"alternateName\":\"ASGARDIA France\",\"url\":\"https:\/\/asgardiens.org\/\",\"logo\":{\"@type\":\"ImageObject\",\"inLanguage\":\"fr-FR\",\"@id\":\"https:\/\/asgardiens.org\/#\/schema\/logo\/image\/\",\"url\":\"https:\/\/asgardiens.org\/wp-content\/uploads\/2021\/10\/cropped-11Plan-de-travail-1-100.jpg\",\"contentUrl\":\"https:\/\/asgardiens.org\/wp-content\/uploads\/2021\/10\/cropped-11Plan-de-travail-1-100.jpg\",\"width\":178,\"height\":170,\"caption\":\"Asgardiens de France\"},\"image\":{\"@id\":\"https:\/\/asgardiens.org\/#\/schema\/logo\/image\/\"},\"sameAs\":[\"https:\/\/www.facebook.com\/Asgardiensdefrance\",\"https:\/\/twitter.com\/AsgardiensDeFr\",\"https:\/\/www.linkedin.com\/in\/asgardiens-de-france-a778a1210\/\"]}]}<\/script>\n<!-- \/ Yoast SEO plugin. -->","yoast_head_json":{"title":"Adh\u00e9sion \u00e0 l'association - Asgardiens de France","description":"Asgardiens de France Adh\u00e9sion \u00e0 l'association asgardia nation spatiale - espace - adh\u00e9sion - association loi 1901 -","robots":{"index":"index","follow":"follow","max-snippet":"max-snippet:-1","max-image-preview":"max-image-preview:large","max-video-preview":"max-video-preview:-1"},"canonical":"https:\/\/asgardiens.org\/index.php\/adhesion-a-lassociation\/","og_locale":"fr_FR","og_type":"article","og_title":"Adh\u00e9sion \u00e0 l'association des Asgardiens de France","og_description":"Les Asgardiens de France seraient heureux de vous compter parmi ses adh\u00e9rents. L'association a pour but de promouvoir des \u00e9changes et rencontres entre tous les Francophones s\u2019int\u00e9ressant pacifiquement aux domaines spatiaux ainsi qu'\u00e0 toutes activit\u00e9s s'y r\u00e9f\u00e9rant. ce qui se traduit par l'organisation de webinaires participatifs en ligne, des projets d\u2019activit\u00e9s sp\u00e9cifiques \u00e0 l\u2019association et directement li\u00e9s au d\u00e9veloppement d\u2019ASGARDIA, des d\u00e9bats, une newsletter et bien-s\u00fbr; tout ce que vous pourrez \u00e9galement proposer \u00e0 l'association. Bienvenue !","og_url":"https:\/\/asgardiens.org\/index.php\/adhesion-a-lassociation\/","og_site_name":"Asgardiens de France","article_publisher":"https:\/\/www.facebook.com\/Asgardiensdefrance","article_modified_time":"2023-01-30T17:12:00+00:00","og_image":[{"width":178,"height":170,"url":"https:\/\/asgardiens.org\/wp-content\/uploads\/2021\/10\/cropped-11Plan-de-travail-1-100.jpg","type":"image\/jpeg"}],"twitter_card":"summary_large_image","twitter_title":"Adh\u00e9sion \u00e0 l'association des Asgardiens de France","twitter_description":"Les Asgardiens de France seraient heureux de vous compter parmi ses adh\u00e9rents. L'association a pour but de promouvoir des \u00e9changes et rencontres entre tous les Francophones s\u2019int\u00e9ressant pacifiquement aux domaines spatiaux ainsi qu'\u00e0 toutes activit\u00e9s s'y r\u00e9f\u00e9rant. ce qui se traduit par l'organisation de webinaires participatifs en ligne, des projets d\u2019activit\u00e9s sp\u00e9cifiques \u00e0 l\u2019association et directement li\u00e9s au d\u00e9veloppement d\u2019ASGARDIA, des d\u00e9bats, une newsletter et bien-s\u00fbr; tout ce que vous pourrez \u00e9galement proposer \u00e0 l'association. Bienvenue !","twitter_image":"https:\/\/asgardiens.org\/wp-content\/uploads\/2021\/10\/cropped-11Plan-de-travail-1-100.jpg","twitter_site":"@AsgardiensDeFr","twitter_misc":{"Dur\u00e9e de lecture estim\u00e9e":"2 minutes"},"schema":{"@context":"https:\/\/schema.org","@graph":[{"@type":"WebPage","@id":"https:\/\/asgardiens.org\/index.php\/adhesion-a-lassociation\/","url":"https:\/\/asgardiens.org\/index.php\/adhesion-a-lassociation\/","name":"Adh\u00e9sion \u00e0 l'association - Asgardiens de France","isPartOf":{"@id":"https:\/\/asgardiens.org\/#website"},"datePublished":"2023-01-02T11:01:26+00:00","dateModified":"2023-01-30T17:12:00+00:00","description":"Asgardiens de France Adh\u00e9sion \u00e0 l'association asgardia nation spatiale - espace - adh\u00e9sion - association loi 1901 -","breadcrumb":{"@id":"https:\/\/asgardiens.org\/index.php\/adhesion-a-lassociation\/#breadcrumb"},"inLanguage":"fr-FR","potentialAction":[{"@type":"ReadAction","target":["https:\/\/asgardiens.org\/index.php\/adhesion-a-lassociation\/"]}]},{"@type":"BreadcrumbList","@id":"https:\/\/asgardiens.org\/index.php\/adhesion-a-lassociation\/#breadcrumb","itemListElement":[{"@type":"ListItem","position":1,"name":"Accueil","item":"https:\/\/asgardiens.org\/"},{"@type":"ListItem","position":2,"name":"Adh\u00e9sion \u00e0 l&rsquo;association"}]},{"@type":"WebSite","@id":"https:\/\/asgardiens.org\/#website","url":"https:\/\/asgardiens.org\/","name":"Asgardiens de France","description":"Les Asgardiens de France, supporters de la premi\u00e8re Nation spatiale de l\u2019histoire de l\u2019Humanit\u00e9.","publisher":{"@id":"https:\/\/asgardiens.org\/#organization"},"alternateName":"Supporters du projet ASGARDIA","potentialAction":[{"@type":"SearchAction","target":{"@type":"EntryPoint","urlTemplate":"https:\/\/asgardiens.org\/?s={search_term_string}"},"query-input":"required name=search_term_string"}],"inLanguage":"fr-FR"},{"@type":"Organization","@id":"https:\/\/asgardiens.org\/#organization","name":"Asgardiens de France","alternateName":"ASGARDIA France","url":"https:\/\/asgardiens.org\/","logo":{"@type":"ImageObject","inLanguage":"fr-FR","@id":"https:\/\/asgardiens.org\/#\/schema\/logo\/image\/","url":"https:\/\/asgardiens.org\/wp-content\/uploads\/2021\/10\/cropped-11Plan-de-travail-1-100.jpg","contentUrl":"https:\/\/asgardiens.org\/wp-content\/uploads\/2021\/10\/cropped-11Plan-de-travail-1-100.jpg","width":178,"height":170,"caption":"Asgardiens de France"},"image":{"@id":"https:\/\/asgardiens.org\/#\/schema\/logo\/image\/"},"sameAs":["https:\/\/www.facebook.com\/Asgardiensdefrance","https:\/\/twitter.com\/AsgardiensDeFr","https:\/\/www.linkedin.com\/in\/asgardiens-de-france-a778a1210\/"]}]}},"_links":{"self":[{"href":"https:\/\/asgardiens.org\/index.php\/wp-json\/wp\/v2\/pages\/283"}],"collection":[{"href":"https:\/\/asgardiens.org\/index.php\/wp-json\/wp\/v2\/pages"}],"about":[{"href":"https:\/\/asgardiens.org\/index.php\/wp-json\/wp\/v2\/types\/page"}],"author":[{"embeddable":true,"href":"https:\/\/asgardiens.org\/index.php\/wp-json\/wp\/v2\/users\/2"}],"replies":[{"embeddable":true,"href":"https:\/\/asgardiens.org\/index.php\/wp-json\/wp\/v2\/comments?post=283"}],"version-history":[{"count":16,"href":"https:\/\/asgardiens.org\/index.php\/wp-json\/wp\/v2\/pages\/283\/revisions"}],"predecessor-version":[{"id":393,"href":"https:\/\/asgardiens.org\/index.php\/wp-json\/wp\/v2\/pages\/283\/revisions\/393"}],"wp:attachment":[{"href":"https:\/\/asgardiens.org\/index.php\/wp-json\/wp\/v2\/media?parent=283"}],"curies":[{"name":"wp","href":"https:\/\/api.w.org\/{rel}","templated":true}]}}