{"id":332,"date":"2023-01-26T21:08:49","date_gmt":"2023-01-26T20:08:49","guid":{"rendered":"http:\/\/asgardiens.org\/?page_id=332"},"modified":"2023-02-26T11:19:48","modified_gmt":"2023-02-26T10:19:48","slug":"nos-articles","status":"publish","type":"page","link":"https:\/\/asgardiens.org\/index.php\/nos-articles\/","title":{"rendered":"Nos articles"},"content":{"rendered":"\n<div class=\"is-layout-flow wp-block-query\"><ul class=\"is-layout-flow wp-block-post-template\"><li class=\"wp-block-post post-801 post type-post status-publish format-standard has-post-thumbnail hentry category-non-classe\">\n\n<div class=\"is-layout-flex wp-container-3 wp-block-columns alignwide\">\n<div class=\"is-layout-flow wp-block-column is-vertically-aligned-top\" style=\"flex-basis:66.66%\"><figure class=\"wp-block-post-featured-image\"><a href=\"https:\/\/asgardiens.org\/index.php\/2025\/03\/06\/calendrier-spatial-asgardien-0009\/\" target=\"_self\" ><img width=\"298\" height=\"385\" src=\"https:\/\/asgardiens.org\/wp-content\/uploads\/2025\/03\/515HSSIOGOL._SY385_.jpg\" class=\"attachment-post-thumbnail size-post-thumbnail wp-post-image\" alt=\"D\u00e9couvrez le Calendrier Spatial Asgardien 0009 : Une Ann\u00e9e Sous le Signe du Futur ! \ud83d\ude80\" decoding=\"async\" loading=\"lazy\" srcset=\"https:\/\/asgardiens.org\/wp-content\/uploads\/2025\/03\/515HSSIOGOL._SY385_.jpg 298w, https:\/\/asgardiens.org\/wp-content\/uploads\/2025\/03\/515HSSIOGOL._SY385_-232x300.jpg 232w\" sizes=\"(max-width: 298px) 100vw, 298px\" \/><\/a><\/figure><\/div>\n\n\n\n<div class=\"is-layout-flow wp-block-column\" style=\"flex-basis:33.33%\"><h2 class=\"wp-block-post-title\"><a href=\"https:\/\/asgardiens.org\/index.php\/2025\/03\/06\/calendrier-spatial-asgardien-0009\/\" target=\"_self\" >D\u00e9couvrez le Calendrier Spatial Asgardien 0009 : Une Ann\u00e9e Sous le Signe du Futur ! \ud83d\ude80<\/a><\/h2>\n\n<div class=\"wp-block-post-excerpt\"><p class=\"wp-block-post-excerpt__excerpt\">L\u2019ann\u00e9e 0009 marque une nouvelle \u00e9tape dans l\u2019histoire d\u2019Asgardia, la Nation Spatiale. Pour c\u00e9l\u00e9brer cette ann\u00e9e plac\u00e9e sous le signe de l\u2019innovation et de l\u2019exploration, le Calendrier Spatial Asgardien 0009 est d\u00e9sormais disponible ! \ud83c\udf0c\ud83d\udcc5 \ud83d\udcc5 Un Calendrier Unique pour une Nation Unique Con\u00e7u pour refl\u00e9ter l\u2019identit\u00e9 temporelle propre \u00e0 Asgardia, ce calendrier offre une&hellip; <br> <a class=\"read-more\" href=\"https:\/\/asgardiens.org\/index.php\/2025\/03\/06\/calendrier-spatial-asgardien-0009\/\">Lire la suite<\/a> <\/p><\/div><\/div>\n<\/div>\n\n<\/li><li class=\"wp-block-post post-789 post type-post status-publish format-standard has-post-thumbnail hentry category-non-classe\">\n\n<div class=\"is-layout-flex wp-container-6 wp-block-columns alignwide\">\n<div class=\"is-layout-flow wp-block-column is-vertically-aligned-top\" style=\"flex-basis:66.66%\"><figure class=\"wp-block-post-featured-image\"><a href=\"https:\/\/asgardiens.org\/index.php\/2025\/01\/04\/asgardia-nation-spatiale-projets\/\" target=\"_self\" ><img width=\"1024\" height=\"768\" src=\"https:\/\/asgardiens.org\/wp-content\/uploads\/2025\/01\/3c7a60c8d2cdb892c595a7a305d6a698f5eedb5567e844fd2752cb7d1c13f13e-1024x768.jpg\" class=\"attachment-post-thumbnail size-post-thumbnail wp-post-image\" alt=\"Ann\u00e9e 0008 pour la Nation Spatiale Asgardia\" decoding=\"async\" loading=\"lazy\" srcset=\"https:\/\/asgardiens.org\/wp-content\/uploads\/2025\/01\/3c7a60c8d2cdb892c595a7a305d6a698f5eedb5567e844fd2752cb7d1c13f13e-1024x768.jpg 1024w, https:\/\/asgardiens.org\/wp-content\/uploads\/2025\/01\/3c7a60c8d2cdb892c595a7a305d6a698f5eedb5567e844fd2752cb7d1c13f13e-300x225.jpg 300w, https:\/\/asgardiens.org\/wp-content\/uploads\/2025\/01\/3c7a60c8d2cdb892c595a7a305d6a698f5eedb5567e844fd2752cb7d1c13f13e-768x576.jpg 768w, https:\/\/asgardiens.org\/wp-content\/uploads\/2025\/01\/3c7a60c8d2cdb892c595a7a305d6a698f5eedb5567e844fd2752cb7d1c13f13e-1536x1152.jpg 1536w, https:\/\/asgardiens.org\/wp-content\/uploads\/2025\/01\/3c7a60c8d2cdb892c595a7a305d6a698f5eedb5567e844fd2752cb7d1c13f13e-1440x1080.jpg 1440w, https:\/\/asgardiens.org\/wp-content\/uploads\/2025\/01\/3c7a60c8d2cdb892c595a7a305d6a698f5eedb5567e844fd2752cb7d1c13f13e.jpg 2048w\" sizes=\"(max-width: 1024px) 100vw, 1024px\" \/><\/a><\/figure><\/div>\n\n\n\n<div class=\"is-layout-flow wp-block-column\" style=\"flex-basis:33.33%\"><h2 class=\"wp-block-post-title\"><a href=\"https:\/\/asgardiens.org\/index.php\/2025\/01\/04\/asgardia-nation-spatiale-projets\/\" target=\"_self\" >Ann\u00e9e 0008 pour la Nation Spatiale Asgardia<\/a><\/h2>\n\n<div class=\"wp-block-post-excerpt\"><p class=\"wp-block-post-excerpt__excerpt\">Cap 29, 08 &#8212; 30 d\u00e9cembre 24 L&rsquo;ann\u00e9e 0008 a \u00e9t\u00e9 tr\u00e8s fructueuse pour Asgardia. La Nation spatiale Asgardia, qui en est encore \u00e0 ses balbutiements, compte d\u00e9j\u00e0 une population de pr\u00e8s de 1 120 000 personnes originaires de 235 \u00c9tats terrestres. Asgardia progresse gentiment vers l&rsquo;accomplissement de sa mission, en construisant la base scientifique&hellip; <br> <a class=\"read-more\" href=\"https:\/\/asgardiens.org\/index.php\/2025\/01\/04\/asgardia-nation-spatiale-projets\/\">Lire la suite<\/a> <\/p><\/div><\/div>\n<\/div>\n\n<\/li><li class=\"wp-block-post post-785 post type-post status-publish format-standard has-post-thumbnail hentry category-non-classe\">\n\n<div class=\"is-layout-flex wp-container-9 wp-block-columns alignwide\">\n<div class=\"is-layout-flow wp-block-column is-vertically-aligned-top\" style=\"flex-basis:66.66%\"><figure class=\"wp-block-post-featured-image\"><a href=\"https:\/\/asgardiens.org\/index.php\/2024\/08\/31\/adoption-de-la-declaration-dindependance-dasgardia\/\" target=\"_self\" ><img width=\"989\" height=\"989\" src=\"https:\/\/asgardiens.org\/wp-content\/uploads\/2025\/01\/9918c87b5665985cd352c3a1c8862ce3c33e51192072f5192afe7a26d8ed84f8.jpg\" class=\"attachment-post-thumbnail size-post-thumbnail wp-post-image\" alt=\"Adoption de la D\u00e9claration d&rsquo;Ind\u00e9pendance d&rsquo;Asgardia\" decoding=\"async\" loading=\"lazy\" srcset=\"https:\/\/asgardiens.org\/wp-content\/uploads\/2025\/01\/9918c87b5665985cd352c3a1c8862ce3c33e51192072f5192afe7a26d8ed84f8.jpg 989w, https:\/\/asgardiens.org\/wp-content\/uploads\/2025\/01\/9918c87b5665985cd352c3a1c8862ce3c33e51192072f5192afe7a26d8ed84f8-300x300.jpg 300w, https:\/\/asgardiens.org\/wp-content\/uploads\/2025\/01\/9918c87b5665985cd352c3a1c8862ce3c33e51192072f5192afe7a26d8ed84f8-150x150.jpg 150w, https:\/\/asgardiens.org\/wp-content\/uploads\/2025\/01\/9918c87b5665985cd352c3a1c8862ce3c33e51192072f5192afe7a26d8ed84f8-768x768.jpg 768w\" sizes=\"(max-width: 989px) 100vw, 989px\" \/><\/a><\/figure><\/div>\n\n\n\n<div class=\"is-layout-flow wp-block-column\" style=\"flex-basis:33.33%\"><h2 class=\"wp-block-post-title\"><a href=\"https:\/\/asgardiens.org\/index.php\/2024\/08\/31\/adoption-de-la-declaration-dindependance-dasgardia\/\" target=\"_self\" >Adoption de la D\u00e9claration d&rsquo;Ind\u00e9pendance d&rsquo;Asgardia<\/a><\/h2>\n\n<div class=\"wp-block-post-excerpt\"><p class=\"wp-block-post-excerpt__excerpt\">Le 12e Conseil Supr\u00eame Spatial s&rsquo;est tenu sur l&rsquo;\u00eele grecque de Corfou le 2 Libra 0008 (13 ao\u00fbt 2024). La r\u00e9union des chefs de toutes les branches du pouvoir de la premi\u00e8re Nation Spatiale du monde a marqu\u00e9 un \u00e9v\u00e9nement historique : l&rsquo;adoption de la D\u00e9claration d&rsquo;Ind\u00e9pendance d&rsquo;Asgardia par d\u00e9cision du Conseil. Le Conseil Supr\u00eame&hellip; <br> <a class=\"read-more\" href=\"https:\/\/asgardiens.org\/index.php\/2024\/08\/31\/adoption-de-la-declaration-dindependance-dasgardia\/\">Lire la suite<\/a> <\/p><\/div><\/div>\n<\/div>\n\n<\/li><\/ul><\/div>\n\n\n<ul class=\"wp-block-latest-posts__list is-grid columns-3 wp-block-latest-posts\"><li><a class=\"wp-block-latest-posts__post-title\" href=\"https:\/\/asgardiens.org\/index.php\/2025\/03\/06\/calendrier-spatial-asgardien-0009\/\">D\u00e9couvrez le Calendrier Spatial Asgardien 0009 : Une Ann\u00e9e Sous le Signe du Futur ! \ud83d\ude80<\/a><\/li>\n<li><a class=\"wp-block-latest-posts__post-title\" href=\"https:\/\/asgardiens.org\/index.php\/2025\/01\/04\/asgardia-nation-spatiale-projets\/\">Ann\u00e9e 0008 pour la Nation Spatiale Asgardia<\/a><\/li>\n<li><a class=\"wp-block-latest-posts__post-title\" href=\"https:\/\/asgardiens.org\/index.php\/2024\/08\/31\/adoption-de-la-declaration-dindependance-dasgardia\/\">Adoption de la D\u00e9claration d&rsquo;Ind\u00e9pendance d&rsquo;Asgardia<\/a><\/li>\n<li><a class=\"wp-block-latest-posts__post-title\" href=\"https:\/\/asgardiens.org\/index.php\/2024\/06\/10\/les-symboles-nationaux-dasgardia-visent-la-lune\/\">Les Symboles Nationaux d&rsquo;Asgardia Visent la Lune<\/a><\/li>\n<li><a class=\"wp-block-latest-posts__post-title\" href=\"https:\/\/asgardiens.org\/index.php\/2024\/01\/22\/domaines-scientifiques-dasgardia-gravite-artificielle\/\">Domaines Scientifiques d&rsquo;ASGARDIA : Gravit\u00e9 Artificielle<\/a><\/li>\n<\/ul>","protected":false},"excerpt":{"rendered":"","protected":false},"author":2,"featured_media":0,"parent":0,"menu_order":0,"comment_status":"closed","ping_status":"closed","template":"","meta":{"_monsterinsights_skip_tracking":false,"_monsterinsights_sitenote_active":false,"_monsterinsights_sitenote_note":"","_monsterinsights_sitenote_category":0},"yoast_head":"<!-- This site is optimized with the Yoast SEO plugin v20.7 - https:\/\/yoast.com\/wordpress\/plugins\/seo\/ -->\n<title>Nos articles - Asgardiens de France<\/title>\n<meta name=\"robots\" content=\"index, follow, max-snippet:-1, max-image-preview:large, max-video-preview:-1\" \/>\n<link rel=\"canonical\" href=\"https:\/\/asgardiens.org\/index.php\/nos-articles\/\" \/>\n<meta property=\"og:locale\" content=\"fr_FR\" \/>\n<meta property=\"og:type\" content=\"article\" \/>\n<meta property=\"og:title\" content=\"Nos articles - Asgardiens de France\" \/>\n<meta property=\"og:url\" content=\"https:\/\/asgardiens.org\/index.php\/nos-articles\/\" \/>\n<meta property=\"og:site_name\" content=\"Asgardiens de France\" \/>\n<meta property=\"article:publisher\" content=\"https:\/\/www.facebook.com\/Asgardiensdefrance\" \/>\n<meta property=\"article:modified_time\" content=\"2023-02-26T10:19:48+00:00\" \/>\n<meta name=\"twitter:card\" content=\"summary_large_image\" \/>\n<meta name=\"twitter:site\" content=\"@AsgardiensDeFr\" \/>\n<meta name=\"twitter:label1\" content=\"Dur\u00e9e de lecture estim\u00e9e\" \/>\n\t<meta name=\"twitter:data1\" content=\"1 minute\" \/>\n<script type=\"application\/ld+json\" class=\"yoast-schema-graph\">{\"@context\":\"https:\/\/schema.org\",\"@graph\":[{\"@type\":\"WebPage\",\"@id\":\"https:\/\/asgardiens.org\/index.php\/nos-articles\/\",\"url\":\"https:\/\/asgardiens.org\/index.php\/nos-articles\/\",\"name\":\"Nos articles - Asgardiens de France\",\"isPartOf\":{\"@id\":\"https:\/\/asgardiens.org\/#website\"},\"datePublished\":\"2023-01-26T20:08:49+00:00\",\"dateModified\":\"2023-02-26T10:19:48+00:00\",\"breadcrumb\":{\"@id\":\"https:\/\/asgardiens.org\/index.php\/nos-articles\/#breadcrumb\"},\"inLanguage\":\"fr-FR\",\"potentialAction\":[{\"@type\":\"ReadAction\",\"target\":[\"https:\/\/asgardiens.org\/index.php\/nos-articles\/\"]}]},{\"@type\":\"BreadcrumbList\",\"@id\":\"https:\/\/asgardiens.org\/index.php\/nos-articles\/#breadcrumb\",\"itemListElement\":[{\"@type\":\"ListItem\",\"position\":1,\"name\":\"Accueil\",\"item\":\"https:\/\/asgardiens.org\/\"},{\"@type\":\"ListItem\",\"position\":2,\"name\":\"Nos articles\"}]},{\"@type\":\"WebSite\",\"@id\":\"https:\/\/asgardiens.org\/#website\",\"url\":\"https:\/\/asgardiens.org\/\",\"name\":\"Asgardiens de France\",\"description\":\"Les Asgardiens de France, supporters de la premi\u00e8re Nation spatiale de l\u2019histoire de l\u2019Humanit\u00e9.\",\"publisher\":{\"@id\":\"https:\/\/asgardiens.org\/#organization\"},\"alternateName\":\"Supporters du projet ASGARDIA\",\"potentialAction\":[{\"@type\":\"SearchAction\",\"target\":{\"@type\":\"EntryPoint\",\"urlTemplate\":\"https:\/\/asgardiens.org\/?s={search_term_string}\"},\"query-input\":\"required name=search_term_string\"}],\"inLanguage\":\"fr-FR\"},{\"@type\":\"Organization\",\"@id\":\"https:\/\/asgardiens.org\/#organization\",\"name\":\"Asgardiens de France\",\"alternateName\":\"ASGARDIA France\",\"url\":\"https:\/\/asgardiens.org\/\",\"logo\":{\"@type\":\"ImageObject\",\"inLanguage\":\"fr-FR\",\"@id\":\"https:\/\/asgardiens.org\/#\/schema\/logo\/image\/\",\"url\":\"https:\/\/asgardiens.org\/wp-content\/uploads\/2021\/10\/cropped-11Plan-de-travail-1-100.jpg\",\"contentUrl\":\"https:\/\/asgardiens.org\/wp-content\/uploads\/2021\/10\/cropped-11Plan-de-travail-1-100.jpg\",\"width\":178,\"height\":170,\"caption\":\"Asgardiens de France\"},\"image\":{\"@id\":\"https:\/\/asgardiens.org\/#\/schema\/logo\/image\/\"},\"sameAs\":[\"https:\/\/www.facebook.com\/Asgardiensdefrance\",\"https:\/\/twitter.com\/AsgardiensDeFr\",\"https:\/\/www.linkedin.com\/in\/asgardiens-de-france-a778a1210\/\"]}]}<\/script>\n<!-- \/ Yoast SEO plugin. -->","yoast_head_json":{"title":"Nos articles - Asgardiens de France","robots":{"index":"index","follow":"follow","max-snippet":"max-snippet:-1","max-image-preview":"max-image-preview:large","max-video-preview":"max-video-preview:-1"},"canonical":"https:\/\/asgardiens.org\/index.php\/nos-articles\/","og_locale":"fr_FR","og_type":"article","og_title":"Nos articles - Asgardiens de France","og_url":"https:\/\/asgardiens.org\/index.php\/nos-articles\/","og_site_name":"Asgardiens de France","article_publisher":"https:\/\/www.facebook.com\/Asgardiensdefrance","article_modified_time":"2023-02-26T10:19:48+00:00","twitter_card":"summary_large_image","twitter_site":"@AsgardiensDeFr","twitter_misc":{"Dur\u00e9e de lecture estim\u00e9e":"1 minute"},"schema":{"@context":"https:\/\/schema.org","@graph":[{"@type":"WebPage","@id":"https:\/\/asgardiens.org\/index.php\/nos-articles\/","url":"https:\/\/asgardiens.org\/index.php\/nos-articles\/","name":"Nos articles - Asgardiens de France","isPartOf":{"@id":"https:\/\/asgardiens.org\/#website"},"datePublished":"2023-01-26T20:08:49+00:00","dateModified":"2023-02-26T10:19:48+00:00","breadcrumb":{"@id":"https:\/\/asgardiens.org\/index.php\/nos-articles\/#breadcrumb"},"inLanguage":"fr-FR","potentialAction":[{"@type":"ReadAction","target":["https:\/\/asgardiens.org\/index.php\/nos-articles\/"]}]},{"@type":"BreadcrumbList","@id":"https:\/\/asgardiens.org\/index.php\/nos-articles\/#breadcrumb","itemListElement":[{"@type":"ListItem","position":1,"name":"Accueil","item":"https:\/\/asgardiens.org\/"},{"@type":"ListItem","position":2,"name":"Nos articles"}]},{"@type":"WebSite","@id":"https:\/\/asgardiens.org\/#website","url":"https:\/\/asgardiens.org\/","name":"Asgardiens de France","description":"Les Asgardiens de France, supporters de la premi\u00e8re Nation spatiale de l\u2019histoire de l\u2019Humanit\u00e9.","publisher":{"@id":"https:\/\/asgardiens.org\/#organization"},"alternateName":"Supporters du projet ASGARDIA","potentialAction":[{"@type":"SearchAction","target":{"@type":"EntryPoint","urlTemplate":"https:\/\/asgardiens.org\/?s={search_term_string}"},"query-input":"required name=search_term_string"}],"inLanguage":"fr-FR"},{"@type":"Organization","@id":"https:\/\/asgardiens.org\/#organization","name":"Asgardiens de France","alternateName":"ASGARDIA France","url":"https:\/\/asgardiens.org\/","logo":{"@type":"ImageObject","inLanguage":"fr-FR","@id":"https:\/\/asgardiens.org\/#\/schema\/logo\/image\/","url":"https:\/\/asgardiens.org\/wp-content\/uploads\/2021\/10\/cropped-11Plan-de-travail-1-100.jpg","contentUrl":"https:\/\/asgardiens.org\/wp-content\/uploads\/2021\/10\/cropped-11Plan-de-travail-1-100.jpg","width":178,"height":170,"caption":"Asgardiens de France"},"image":{"@id":"https:\/\/asgardiens.org\/#\/schema\/logo\/image\/"},"sameAs":["https:\/\/www.facebook.com\/Asgardiensdefrance","https:\/\/twitter.com\/AsgardiensDeFr","https:\/\/www.linkedin.com\/in\/asgardiens-de-france-a778a1210\/"]}]}},"_links":{"self":[{"href":"https:\/\/asgardiens.org\/index.php\/wp-json\/wp\/v2\/pages\/332"}],"collection":[{"href":"https:\/\/asgardiens.org\/index.php\/wp-json\/wp\/v2\/pages"}],"about":[{"href":"https:\/\/asgardiens.org\/index.php\/wp-json\/wp\/v2\/types\/page"}],"author":[{"embeddable":true,"href":"https:\/\/asgardiens.org\/index.php\/wp-json\/wp\/v2\/users\/2"}],"replies":[{"embeddable":true,"href":"https:\/\/asgardiens.org\/index.php\/wp-json\/wp\/v2\/comments?post=332"}],"version-history":[{"count":5,"href":"https:\/\/asgardiens.org\/index.php\/wp-json\/wp\/v2\/pages\/332\/revisions"}],"predecessor-version":[{"id":454,"href":"https:\/\/asgardiens.org\/index.php\/wp-json\/wp\/v2\/pages\/332\/revisions\/454"}],"wp:attachment":[{"href":"https:\/\/asgardiens.org\/index.php\/wp-json\/wp\/v2\/media?parent=332"}],"curies":[{"name":"wp","href":"https:\/\/api.w.org\/{rel}","templated":true}]}}