{"id":518,"date":"2023-05-08T11:35:12","date_gmt":"2023-05-08T09:35:12","guid":{"rendered":"https:\/\/asgardiens.org\/?page_id=518"},"modified":"2023-05-08T21:23:13","modified_gmt":"2023-05-08T19:23:13","slug":"votre-age-solaire","status":"publish","type":"page","link":"https:\/\/asgardiens.org\/index.php\/votre-age-solaire\/","title":{"rendered":"Votre \u00e2ge solaire"},"content":{"rendered":"\n<p>Et si votre \u00e2ge \u00e9tait bas\u00e9 sur la rotation du soleil au lieu d&rsquo;\u00eatre bas\u00e9 sur le temps terrestre?<\/p>\n\n\n\n<p>Demain, quand la civilisation humaine d\u00e9passera le stade de terrien pour devenir multiplan\u00e9taire, il sera temps de penser \u00e0 une base unique de temps pour juger de l&rsquo;age des terrien, des martiens ou autre habitants de la lune ou encore Europa.<\/p>\n\n\n\n<p>Je vous propose ici un calcul de l&rsquo;\u00e2ge bas\u00e9 sur les rotations du soleil.<\/p>\n\n\n\n<p>Alors, quel \u00e2ge avez vous?<\/p>\n\n\n\n<head>\n  <meta charset=\"utf-8\">\n  <title>Calcul de l&rsquo;\u00e2ge solaire<\/title>\n  <style>\n    \/* Style pour centrer le formulaire *\/\n    #form-container {\n      width : 80%;\n      justify-content: center;\n      align-items: center;\n      height: 30vh;\n    }\n    #result-container {\n  \n    }\n.age-normal {\n  font-size: 20px;\n  font-weight: bold;\n}\n\n.age-solaire {\n  font-size: 24px;\n  font-style: italic;\n}\n  <\/style>\n<\/head>\n<body>\n<div>\n<div id=\"form-container\" >\n  <form id=\"age-form\">\n    <label for=\"date_naissance\">Date de naissance :<\/label>\n    <input type=\"date\" id=\"date_naissance\" name=\"date_naissance\">\n    <button type=\"submit\">Calculer<\/button>\n  <\/form>\n<\/div>\n<div id=\"result-container\"><\/div>\n<\/div>\n\n\n<script>\n  const form = document.getElementById('age-form');\n  const resultContainer = document.getElementById('result-container');\n\n  form.addEventListener('submit', function(event) {\n    event.preventDefault();\n    const dateNaissance = new Date(document.getElementById('date_naissance').value);\n    const ageNormal = calculateAgeNormal(dateNaissance);\n    const ageSolaire = calculateAgeSolaire(dateNaissance);\n    resultContainer.innerHTML = `<div class=\"age-normal\"><p>Votre \u00e2ge terrestre est de <span  id=\"age-normal\">${ageNormal}<\/span> ans. <\/div>\n  <div class=\"age-solaire\"><\/p><p>Votre \u00e2ge solaire est de <span id=\"age-solaire\">${ageSolaire}<\/span> ans.<\/p><\/div>`;\n  });\n\n  function calculateAgeNormal(dateNaissance) {\n    const aujourdhui = new Date();\n    const ageMs = aujourdhui - dateNaissance;\n    const ageDate = new Date(ageMs);\n    return Math.abs(ageDate.getUTCFullYear() - 1970);\n  }\n\n  function calculateAgeSolaire(dateNaissance) {\n    const aujourdhui = new Date();\n    const joursDepuisNaissance = Math.floor((aujourdhui - dateNaissance) \/ (1000 * 60 * 60 * 24));\n    const rotationSoleil = Math.floor(joursDepuisNaissance \/ (27 * 10));\n    return Math.floor(rotationSoleil);\n  }\n<\/script>\n","protected":false},"excerpt":{"rendered":"<p>Et si votre \u00e2ge \u00e9tait bas\u00e9 sur la rotation du soleil au lieu d&rsquo;\u00eatre bas\u00e9 sur le temps terrestre? Demain, quand la civilisation humaine d\u00e9passera le stade de terrien pour devenir multiplan\u00e9taire, il sera temps de penser \u00e0 une base unique de temps pour juger de l&rsquo;age des terrien, des martiens ou autre habitants de&hellip; <br \/> <a class=\"read-more\" href=\"https:\/\/asgardiens.org\/index.php\/votre-age-solaire\/\">Lire la suite<\/a><\/p>\n","protected":false},"author":2,"featured_media":0,"parent":0,"menu_order":0,"comment_status":"closed","ping_status":"closed","template":"","meta":{"_monsterinsights_skip_tracking":false,"_monsterinsights_sitenote_active":false,"_monsterinsights_sitenote_note":"","_monsterinsights_sitenote_category":0},"yoast_head":"<!-- This site is optimized with the Yoast SEO plugin v20.7 - https:\/\/yoast.com\/wordpress\/plugins\/seo\/ -->\n<title>Votre \u00e2ge solaire - Asgardiens de France<\/title>\n<meta name=\"robots\" content=\"index, follow, max-snippet:-1, max-image-preview:large, max-video-preview:-1\" \/>\n<link rel=\"canonical\" href=\"https:\/\/asgardiens.org\/index.php\/votre-age-solaire\/\" \/>\n<meta property=\"og:locale\" content=\"fr_FR\" \/>\n<meta property=\"og:type\" content=\"article\" \/>\n<meta property=\"og:title\" content=\"Votre \u00e2ge solaire - Asgardiens de France\" \/>\n<meta property=\"og:description\" content=\"Et si votre \u00e2ge \u00e9tait bas\u00e9 sur la rotation du soleil au lieu d&rsquo;\u00eatre bas\u00e9 sur le temps terrestre? Demain, quand la civilisation humaine d\u00e9passera le stade de terrien pour devenir multiplan\u00e9taire, il sera temps de penser \u00e0 une base unique de temps pour juger de l&rsquo;age des terrien, des martiens ou autre habitants de&hellip; Lire la suite\" \/>\n<meta property=\"og:url\" content=\"https:\/\/asgardiens.org\/index.php\/votre-age-solaire\/\" \/>\n<meta property=\"og:site_name\" content=\"Asgardiens de France\" \/>\n<meta property=\"article:publisher\" content=\"https:\/\/www.facebook.com\/Asgardiensdefrance\" \/>\n<meta property=\"article:modified_time\" content=\"2023-05-08T19:23:13+00:00\" \/>\n<meta name=\"twitter:card\" content=\"summary_large_image\" \/>\n<meta name=\"twitter:site\" content=\"@AsgardiensDeFr\" \/>\n<meta name=\"twitter:label1\" content=\"Dur\u00e9e de lecture estim\u00e9e\" \/>\n\t<meta name=\"twitter:data1\" content=\"2 minutes\" \/>\n<script type=\"application\/ld+json\" class=\"yoast-schema-graph\">{\"@context\":\"https:\/\/schema.org\",\"@graph\":[{\"@type\":\"WebPage\",\"@id\":\"https:\/\/asgardiens.org\/index.php\/votre-age-solaire\/\",\"url\":\"https:\/\/asgardiens.org\/index.php\/votre-age-solaire\/\",\"name\":\"Votre \u00e2ge solaire - Asgardiens de France\",\"isPartOf\":{\"@id\":\"https:\/\/asgardiens.org\/#website\"},\"datePublished\":\"2023-05-08T09:35:12+00:00\",\"dateModified\":\"2023-05-08T19:23:13+00:00\",\"breadcrumb\":{\"@id\":\"https:\/\/asgardiens.org\/index.php\/votre-age-solaire\/#breadcrumb\"},\"inLanguage\":\"fr-FR\",\"potentialAction\":[{\"@type\":\"ReadAction\",\"target\":[\"https:\/\/asgardiens.org\/index.php\/votre-age-solaire\/\"]}]},{\"@type\":\"BreadcrumbList\",\"@id\":\"https:\/\/asgardiens.org\/index.php\/votre-age-solaire\/#breadcrumb\",\"itemListElement\":[{\"@type\":\"ListItem\",\"position\":1,\"name\":\"Accueil\",\"item\":\"https:\/\/asgardiens.org\/\"},{\"@type\":\"ListItem\",\"position\":2,\"name\":\"Votre \u00e2ge solaire\"}]},{\"@type\":\"WebSite\",\"@id\":\"https:\/\/asgardiens.org\/#website\",\"url\":\"https:\/\/asgardiens.org\/\",\"name\":\"Asgardiens de France\",\"description\":\"Les Asgardiens de France, supporters de la premi\u00e8re Nation spatiale de l\u2019histoire de l\u2019Humanit\u00e9.\",\"publisher\":{\"@id\":\"https:\/\/asgardiens.org\/#organization\"},\"alternateName\":\"Supporters du projet ASGARDIA\",\"potentialAction\":[{\"@type\":\"SearchAction\",\"target\":{\"@type\":\"EntryPoint\",\"urlTemplate\":\"https:\/\/asgardiens.org\/?s={search_term_string}\"},\"query-input\":\"required name=search_term_string\"}],\"inLanguage\":\"fr-FR\"},{\"@type\":\"Organization\",\"@id\":\"https:\/\/asgardiens.org\/#organization\",\"name\":\"Asgardiens de France\",\"alternateName\":\"ASGARDIA France\",\"url\":\"https:\/\/asgardiens.org\/\",\"logo\":{\"@type\":\"ImageObject\",\"inLanguage\":\"fr-FR\",\"@id\":\"https:\/\/asgardiens.org\/#\/schema\/logo\/image\/\",\"url\":\"https:\/\/asgardiens.org\/wp-content\/uploads\/2021\/10\/cropped-11Plan-de-travail-1-100.jpg\",\"contentUrl\":\"https:\/\/asgardiens.org\/wp-content\/uploads\/2021\/10\/cropped-11Plan-de-travail-1-100.jpg\",\"width\":178,\"height\":170,\"caption\":\"Asgardiens de France\"},\"image\":{\"@id\":\"https:\/\/asgardiens.org\/#\/schema\/logo\/image\/\"},\"sameAs\":[\"https:\/\/www.facebook.com\/Asgardiensdefrance\",\"https:\/\/twitter.com\/AsgardiensDeFr\",\"https:\/\/www.linkedin.com\/in\/asgardiens-de-france-a778a1210\/\"]}]}<\/script>\n<!-- \/ Yoast SEO plugin. -->","yoast_head_json":{"title":"Votre \u00e2ge solaire - Asgardiens de France","robots":{"index":"index","follow":"follow","max-snippet":"max-snippet:-1","max-image-preview":"max-image-preview:large","max-video-preview":"max-video-preview:-1"},"canonical":"https:\/\/asgardiens.org\/index.php\/votre-age-solaire\/","og_locale":"fr_FR","og_type":"article","og_title":"Votre \u00e2ge solaire - Asgardiens de France","og_description":"Et si votre \u00e2ge \u00e9tait bas\u00e9 sur la rotation du soleil au lieu d&rsquo;\u00eatre bas\u00e9 sur le temps terrestre? Demain, quand la civilisation humaine d\u00e9passera le stade de terrien pour devenir multiplan\u00e9taire, il sera temps de penser \u00e0 une base unique de temps pour juger de l&rsquo;age des terrien, des martiens ou autre habitants de&hellip; Lire la suite","og_url":"https:\/\/asgardiens.org\/index.php\/votre-age-solaire\/","og_site_name":"Asgardiens de France","article_publisher":"https:\/\/www.facebook.com\/Asgardiensdefrance","article_modified_time":"2023-05-08T19:23:13+00:00","twitter_card":"summary_large_image","twitter_site":"@AsgardiensDeFr","twitter_misc":{"Dur\u00e9e de lecture estim\u00e9e":"2 minutes"},"schema":{"@context":"https:\/\/schema.org","@graph":[{"@type":"WebPage","@id":"https:\/\/asgardiens.org\/index.php\/votre-age-solaire\/","url":"https:\/\/asgardiens.org\/index.php\/votre-age-solaire\/","name":"Votre \u00e2ge solaire - Asgardiens de France","isPartOf":{"@id":"https:\/\/asgardiens.org\/#website"},"datePublished":"2023-05-08T09:35:12+00:00","dateModified":"2023-05-08T19:23:13+00:00","breadcrumb":{"@id":"https:\/\/asgardiens.org\/index.php\/votre-age-solaire\/#breadcrumb"},"inLanguage":"fr-FR","potentialAction":[{"@type":"ReadAction","target":["https:\/\/asgardiens.org\/index.php\/votre-age-solaire\/"]}]},{"@type":"BreadcrumbList","@id":"https:\/\/asgardiens.org\/index.php\/votre-age-solaire\/#breadcrumb","itemListElement":[{"@type":"ListItem","position":1,"name":"Accueil","item":"https:\/\/asgardiens.org\/"},{"@type":"ListItem","position":2,"name":"Votre \u00e2ge solaire"}]},{"@type":"WebSite","@id":"https:\/\/asgardiens.org\/#website","url":"https:\/\/asgardiens.org\/","name":"Asgardiens de France","description":"Les Asgardiens de France, supporters de la premi\u00e8re Nation spatiale de l\u2019histoire de l\u2019Humanit\u00e9.","publisher":{"@id":"https:\/\/asgardiens.org\/#organization"},"alternateName":"Supporters du projet ASGARDIA","potentialAction":[{"@type":"SearchAction","target":{"@type":"EntryPoint","urlTemplate":"https:\/\/asgardiens.org\/?s={search_term_string}"},"query-input":"required name=search_term_string"}],"inLanguage":"fr-FR"},{"@type":"Organization","@id":"https:\/\/asgardiens.org\/#organization","name":"Asgardiens de France","alternateName":"ASGARDIA France","url":"https:\/\/asgardiens.org\/","logo":{"@type":"ImageObject","inLanguage":"fr-FR","@id":"https:\/\/asgardiens.org\/#\/schema\/logo\/image\/","url":"https:\/\/asgardiens.org\/wp-content\/uploads\/2021\/10\/cropped-11Plan-de-travail-1-100.jpg","contentUrl":"https:\/\/asgardiens.org\/wp-content\/uploads\/2021\/10\/cropped-11Plan-de-travail-1-100.jpg","width":178,"height":170,"caption":"Asgardiens de France"},"image":{"@id":"https:\/\/asgardiens.org\/#\/schema\/logo\/image\/"},"sameAs":["https:\/\/www.facebook.com\/Asgardiensdefrance","https:\/\/twitter.com\/AsgardiensDeFr","https:\/\/www.linkedin.com\/in\/asgardiens-de-france-a778a1210\/"]}]}},"_links":{"self":[{"href":"https:\/\/asgardiens.org\/index.php\/wp-json\/wp\/v2\/pages\/518"}],"collection":[{"href":"https:\/\/asgardiens.org\/index.php\/wp-json\/wp\/v2\/pages"}],"about":[{"href":"https:\/\/asgardiens.org\/index.php\/wp-json\/wp\/v2\/types\/page"}],"author":[{"embeddable":true,"href":"https:\/\/asgardiens.org\/index.php\/wp-json\/wp\/v2\/users\/2"}],"replies":[{"embeddable":true,"href":"https:\/\/asgardiens.org\/index.php\/wp-json\/wp\/v2\/comments?post=518"}],"version-history":[{"count":38,"href":"https:\/\/asgardiens.org\/index.php\/wp-json\/wp\/v2\/pages\/518\/revisions"}],"predecessor-version":[{"id":573,"href":"https:\/\/asgardiens.org\/index.php\/wp-json\/wp\/v2\/pages\/518\/revisions\/573"}],"wp:attachment":[{"href":"https:\/\/asgardiens.org\/index.php\/wp-json\/wp\/v2\/media?parent=518"}],"curies":[{"name":"wp","href":"https:\/\/api.w.org\/{rel}","templated":true}]}}